 by z.
36
Suppose 8 = 3*j + h - 0*h, 4*j - 5*h = -2. What is the remainder when ((-1992)/(-2241))/((-2)/(-9)) is divided by j?
0
Let v be ((-20)/8)/(((-6)/(-4))/(-3)). Suppose 2*g - 10 = -0*g. Suppose 0*m + v*m = -g*w, m + 3*w = -10. Calculate the remainder when m is divided by 2.
1
Let w(z) = -7*z**2 - 104*z - 18. What is the remainder when 1099 is divided by w(-8)?
1
Let z = -10523 + 14488. What is the remainder when z is divided by 63?
59
Let n(b) = -b**3 + 6*b**2 + 11*b - 9. Suppose -3*l = -4*l + 11. Suppose -4*w + 55 = l. Calculate the remainder when n(7) is divided by w.
8
Let s be ((-15)/(-9) - 1)*159/(-2). Let i be 2/6*(-3 - -240). Let a = s + i. What is the remainder when a is divided by 7?
5
Suppose -4*j = -2*i + 3 + 11, 5*i = -4*j + 63. Suppose -23243 = -377*b - 3262. Calculate the remainder when b is divided by i.
9
Let i(q) = q**3 + 4*q**2 + q + 482. Let l be i(0). Let y = 547 - l. Suppose -u = -5*u + 132. Calculate the remainder when y is divided by u.
32
What is the remainder when ((-248)/186)/((-4)/1701*3) is divided by 38?
37
Suppose 0 = -l + 2*y + 1166, 0 = 5*l + 4*y - 8*y - 5842. Suppose -1635 = -17*p + l. What is the remainder when p is divided by 7?
4
Let k(d) = 261*d - 1044. What is the remainder when k(6) is divided by 109?
86
Suppose -3*u + 9 = 5*t, 3*t - 2*u = -8 + 21. Suppose 5*p - 1605 = t*i, -3*p + 315 + 654 = -3*i. What is the remainder when p is divided by 80?
78
Suppose -p + 10 = -55. Let g = 766 - 805. Let v = p + g. What is the remainder when v is divided by 14?
12
Suppose 3*o = 36 + 15. Let b(a) = 3*a**2 - 30. Let c be b(-10). Suppose 0 = 2*q, -2*t + 5*q + c = 3*q. What is the remainder when t is divided by o?
16
Suppose 0 = -x - 2*p + 77, 5*x = -3*p - 65 + 436. Calculate the remainder when (14/6)/(83/4980) is divided by x.
67
Calculate the remainder when (-48)/(-168) + -3 + (-4089)/(-21) is divided by 6.
0
Suppose 63*j + 246*j - 10836 = 51*j. Let a = 15 + 9. What is the remainder when j is divided by a?
18
Suppose 0 = 3*j - 5*b - 335, 0 = -5*j - b + 171 + 378. Suppose -4*n - 365*g + 86 = -360*g, -5*n + 127 = 3*g. What is the remainder when j is divided by n?
23
Let b = -266 - -511. What is the remainder when b/(-56) + 4 + 2529/24 is divided by 19?
10
Let s be (-2)/(1*1*2/(-10)). Suppose 5*t = -w - 16, 4*t + 6 = -s. Suppose w*b - 3*b = 19. Calculate the remainder when 36 is divided by b.
17
Suppose 3*s - 22 = 44. What is the remainder when (-3652)/(-142428) - 4874/(-39) is divided by s?
15
Calculate the remainder when 2*(112462/28)/29 is divided by 74.
55
Let q = -2611 - -2634. Let x(h) = 3*h - 2. Let m be ((-5)/2)/(9/(-18)). Calculate the remainder when q is divided by x(m).
10
Let q(n) = 230*n - 3311. Suppose -356 = -4*k - 0*k - 4*g, -4*k + 359 = 5*g. What is the remainder when q(17) is divided by k?
83
Suppose -i = 8 - 4, -2*i + 82 = -3*n. Let f be (2 + 12/(-5))/(6/n). Calculate the remainder when f/(-4) - 0 - 505/(-10) is divided by 13.
11
Let x = -51 - -55. Suppose 0 = y + x*y - 20. Suppose -5*o + 297 = y*o. Calculate the remainder when o is divided by 6.
3
Suppose 15 = -3*o, k - 6*k + o - 40 = 0. Let q be k/6 - 1197/(-14). Let l = -56 + q. Calculate the remainder when 81 is divided by l.
25
Let h(l) = l**3 - 7*l**2 + 5*l + 5. Let b = 8220 + -7942. What is the remainder when b is divided by h(7)?
38
Let u = -42 - -40. Let q = 71 - 19. Let c = q - u. Calculate the remainder when c is divided by 14.
12
Suppose -u = -3 + 2. Let h be 0/1 + 4/u. Suppose -49 = -h*t - 4*r + 11, 3*t - 73 = 4*r. What is the remainder when 71 is divided by t?
14
Suppose 0 = -7*a + t + 7081, 477 + 2536 = 3*a + 5*t. Calculate the remainder when a is divided by 201.
6
Suppose -2*b + 72 + 86 = 0. Calculate the remainder when b is divided by 22.
13
Let n be (-10)/(-3)*(8 + -4)*-33. Let f = n - -520. What is the remainder when f is divided by 47?
33
Suppose -3*s - 3 = -93. Let u = 32 - s. Suppose -t + 2*t - 63 = -2*q, -3*q + u*t = -84. What is the remainder when q is divided by 9?
3
Suppose 2*p = 4*s + 190, -5*s - 59 - 36 = -p. What is the remainder when 171 is divided by p?
76
Let d(z) = -z**2 - 21*z + 4. What is the remainder when 1482 is divided by d(-18)?
32
Calculate the remainder when (-36454)/(-8) - 1011/1348 is divided by 49.
48
Let z = -26639 + 27354. What is the remainder when 725 is divided by z?
10
What is the remainder when 149 is divided by (10/(-5) + -24)*(-11)/22?
6
Let t = 5007 - 4848. What is the remainder when 2857 is divided by t?
154
Suppose 11*w + 17 + 115 = 0. Calculate the remainder when (104/32 - 9/w) + 77 is divided by (14/(-8))/(1/(-12)).
18
Suppose 2428*h = 2442*h - 182. Calculate the remainder when 4185 is divided by h.
12
Suppose 0 = -3*k + 8*k - 2070. Suppose -3*s + 627 = h - 0*h, -2*h + k = 2*s. Suppose 0*y - 3*y = -s. What is the remainder when y is divided by 24?
22
Suppose 34*w - 11751 = 57439. What is the remainder when w is divided by 24?
19
Let k = 21 - 12. Suppose 4*j - 7 = k. What is the remainder when (42/(-9))/(2/(-6)) is divided by j?
2
Suppose -2894 + 358 = -3*y + m, 1704 = 2*y + 2*m. Calculate the remainder when y is divided by 276.
19
Let q = 8955 - 8772. What is the remainder when 8049 is divided by q?
180
Let s = 36 - -20. Suppose -3*a = 14 - s. What is the remainder when 69 is divided by a?
13
Suppose -2248 = -5*x + 387. Suppose 5*f - x = -4*s, -4*s - 329 = -4*f + f. What is the remainder when f is divided by 55?
52
Suppose -5*g = -3*p + 58, 4*p - 94*g + 90*g = 96. Calculate the remainder when (34 + -2)/(2/23) is divided by p.
27
Suppose -79 = f - 22. Let y = f + 39. Let v = 1 - y. What is the remainder when 52 is divided by v?
14
Let p(x) = 13*x**2 + 40*x - 3431. What is the remainder when p(39) is divided by 8?
6
Let c(d) = -4*d**2 - 241*d - 11. What is the remainder when c(-57) is divided by 362?
6
Let p(q) = 302*q + 41. Let r be p(2). Suppose 0 = -0*j - 3*j + r. Calculate the remainder when j is divided by 24.
23
Suppose -138 = -29*w + 7. Suppose -n - n = -w*x + 76, 4*n + 56 = 4*x. What is the remainder when x is divided by 3?
1
Let l(r) be the second derivative of -r**4/12 + 4*r**3/3 - 3*r**2/2 - 3*r + 19. Calculate the remainder when 26 is divided by l(7).
2
Let q = 61 - -32. What is the remainder when q is divided by 1/(-3) + -854*(-26)/1092?
13
Let p(x) = -4*x**3 + 7*x**2 + 17*x + 2. Let v be p(-6). Suppose 2*i = -4*t + v, 6*t - 3*t - 776 = 2*i. What is the remainder when t is divided by 43?
41
Let b be 67 - -12*((-4)/6 - -1). Suppose 819 = 10*z - b. What is the remainder when z is divided by 2/3*207/6?
20
Suppose -5*j = 13 + 12, g - 5*j - 713 = 0. What is the remainder when g is divided by 27?
13
Suppose -2*d - 3*z = 3*d - 28, 5*d - 27 = -2*z. Suppose 2*q + y - d*y = 108, -2*q = 3*y - 129. Calculate the remainder when q/4 + (3 - 4) is divided by 12.
2
Suppose u + 2 - 5 = 0, 5*b = -3*u + 39. Let t(q) = q**2 - 20. What is the remainder when 63 is divided by t(b)?
15
Let n be (-8)/(-6)*(-1068)/(-8). Let g = 187 - n. Calculate the remainder when 26 is divided by g.
8
Let c = 2450 - 1209. What is the remainder when c is divided by 83?
79
Suppose 2*z - 13 = -3*a - 5, -77 = -5*z + 2*a. What is the remainder when 408 is divided by z?
5
Let s = 11 - 3. Suppose 0 = 19*y + 4*o - 134, -12*y = -15*y - 4*o + 38. What is the remainder when s is divided by y?
2
Suppose -55*f = -53*f - 54. Let w = 124 + -89. Suppose -2*l = 2*h + l - f, 3*h - w = l. Calculate the remainder when 45 is divided by h.
9
Let y(f) = 6*f - 8. Suppose -8 = -3*w + 2*b, 4*w + 0*w = b + 19. What is the remainder when y(w) is divided by 11?
6
Let c(k) = -k**2 + 12*k - 26. Let t be c(4). Calculate the remainder when (120/(-1))/(-2) + -1 is divided by t + 13/((-52)/(-16)).
9
Suppose 2*m + 1150 = 3*t, -3 + 1 = -2*m. Suppose 3*w + 211 = 4*a, -6*a + 4*w = -2*a - 208. What is the remainder when t is divided by a?
54
What is the remainder when (-5 - 584 - 4)*((4 - -1) + -6) is divided by 191?
20
Let h = 271 + -254. Suppose -9*u = h*u - 1118. Calculate the remainder when u is divided by 3.
1
Calculate the remainder when 7224 is divided by ((-13)/(-1) + -18 + 14)*(-594)/(-162).
30
Suppose -137*o = -140*o + 498. Calculate the remainder when o is divided by 22.
12
Let b(w) = -189*w + 7698. What is the remainder when 1236 is divided 